748 and 123671.
437
Calculate the greatest common factor of 83560 and 2560.
40
Calculate the highest common divisor of 1074 and 50.
2
Calculate the highest common factor of 141246 and 31521.
399
What is the greatest common divisor of 36 and 2340984?
12
Calculate the greatest common divisor of 97000 and 2250.
250
What is the greatest common factor of 366 and 67062?
6
What is the highest common factor of 1914 and 92?
2
What is the greatest common divisor of 533688 and 12?
12
Calculate the highest common factor of 26960 and 2760.
40
Calculate the greatest common factor of 178 and 214.
2
Calculate the highest common divisor of 202 and 780326.
202
What is the greatest common divisor of 3633 and 2941?
173
Calculate the greatest common factor of 43 and 898227.
43
What is the highest common factor of 789456 and 204?
12
What is the greatest common factor of 54 and 416529?
27
What is the highest common divisor of 24 and 4712?
8
What is the highest common factor of 119 and 9401?
119
Calculate the highest common factor of 5094 and 21.
3
Calculate the greatest common divisor of 145 and 605.
5
What is the highest common divisor of 137670 and 13?
13
Calculate the highest common factor of 19 and 87799.
19
What is the greatest common factor of 632 and 35234?
158
Calculate the greatest common divisor of 6357 and 1304.
163
What is the highest common factor of 895 and 14141?
179
Calculate the greatest common factor of 804 and 27604.
268
Calculate the highest common factor of 2929572 and 54.
18
What is the highest common divisor of 27 and 29373?
3
What is the greatest common factor of 27 and 147564?
9
Calculate the highest common factor of 10845180 and 20.
20
What is the greatest common divisor of 28982 and 20220?
674
What is the greatest common factor of 15138 and 90?
18
Calculate the greatest common divisor of 6549 and 1357.
59
Calculate the highest common divisor of 29042 and 546.
26
What is the greatest common factor of 31 and 2652701?
31
Calculate the greatest common factor of 158880 and 280.
40
Calculate the highest common divisor of 202779 and 9.
9
What is the highest common divisor of 2444 and 422624?
188
Calculate the greatest common factor of 3440 and 104560.
80
What is the greatest common factor of 10925 and 2755?
95
Calculate the highest common divisor of 2471304 and 552.
552
What is the highest common factor of 52296 and 56?
8
What is the greatest common factor of 96 and 3396?
12
Calculate the highest common divisor of 52297 and 1085.
217
What is the highest common factor of 21 and 25501?
7
What is the highest common factor of 6072 and 230?
46
Calculate the greatest common divisor of 6762 and 96117.
483
What is the highest common factor of 19350 and 14400?
450
Calculate the greatest common factor of 183712 and 64.
32
Calculate the greatest common divisor of 1651 and 1703.
13
Calculate the greatest common divisor of 597 and 8259.
3
What is the greatest common factor of 3897 and 116477?
433
What is the greatest common divisor of 791076 and 1716?
1716
Calculate the greatest common divisor of 584 and 728978.
146
What is the greatest common divisor of 4602 and 1014?
78
Calculate the greatest common divisor of 117 and 101725.
13
Calculate the greatest common factor of 69 and 1661313.
69
Calculate the greatest common factor of 207 and 172224.
207
Calculate the highest common factor of 3 and 96.
3
What is the greatest common factor of 6 and 66678?
6
What is the greatest common divisor of 7223 and 40775?
233
Calculate the greatest common divisor of 923 and 173737.
71
What is the highest common divisor of 6 and 42843?
3
What is the greatest common factor of 285 and 849?
3
What is the greatest common factor of 1694612 and 574?
82
Calculate the greatest common factor of 314 and 5964587.
157
What is the highest common factor of 287312 and 64?
16
Calculate the greatest common divisor of 66 and 188826.
66
Calculate the highest common divisor of 186350 and 5.
5
Calculate the greatest common divisor of 440149 and 166.
83
What is the greatest common divisor of 401106 and 48?
6
What is the greatest common divisor of 9800 and 2023?
7
What is the greatest common divisor of 153168 and 8?
8
What is the highest common divisor of 30426 and 2013?
33
Calculate the highest common divisor of 85702 and 2482.
146
Calculate the greatest common divisor of 291122 and 52.
26
What is the highest common divisor of 432 and 176?
16
Calculate the greatest common divisor of 5382 and 679788.
414
Calculate the greatest common divisor of 2041 and 970731.
157
Calculate the highest common factor of 23430 and 12210.
330
Calculate the greatest common divisor of 28424 and 77928.
136
Calculate the highest common divisor of 22146 and 66.
6
Calculate the highest common factor of 1046 and 480637.
523
What is the greatest common factor of 190728 and 456?
24
What is the greatest common factor of 2481410 and 10?
10
What is the highest common divisor of 4340 and 45?
5
Calculate the greatest common divisor of 70 and 81914.
14
Calculate the highest common divisor of 1738 and 1311321.
869
What is the greatest common divisor of 84 and 696549?
21
What is the highest common factor of 1227907 and 1382?
691
Calculate the greatest common factor of 372 and 209901.
93
Calculate the highest common factor of 276 and 118740.
12
Calculate the greatest common divisor of 1866 and 3191793.
933
Calculate the highest common factor of 86918 and 208.
26
Calculate the greatest common divisor of 1422 and 174.
6
What is the greatest common factor of 2 and 26424?
2
What is the greatest common factor of 3894540 and 1560?
780
Calculate the greatest common factor of 770 and 9275.
35
What is the highest common divisor of 2804 and 254?
2
What is the highest common divisor of 1909 and 14398?
23
What is the greatest common factor of 586959 and 2601?
867
Calculate the greatest common factor of 183750 and 140.
70
What is the greatest common factor of 84 and 6563193?
21
Calculate the highest common divisor of 790 and 5293.
79
Calculate the greatest common factor of 897739 and 881.
881
What is the highest common divisor of 5887 and 2282?
7
What is the greatest common factor of 138369 and 924?
231
What is the highest common divisor of 251631 and 438?
219
What is the greatest common divisor of 24739 and 5863?
143
Calculate the greatest common divisor of 785 and 457.
1
What is the greatest common factor of 66835 and 5?
5
Calculate the highest common divisor of 236 and 280132.
236
What is the greatest common factor of 2424 and 12228?
12
What is the highest common factor of 1353 and 44034?
123
Calculate the greatest common divisor of 19722 and 12.
6
Calculate the greatest common divisor of 26921844 and 36.
36
Calculate the highest common factor of 40732 and 442.
34
What is the highest common divisor of 198 and 264?
66
Calculate the highest common divisor of 13370 and 84.
14
What is the greatest common divisor of 560 and 11830?
70
Calculate the greatest common factor of 63 and 11164482.
63
What is the highest common factor of 18 and 45912?
6
Calculate the highest common factor of 13896 and 3058857.
1737
Calculate the greatest common factor of 860 and 12556.
172
What is the highest common divisor of 471926 and 182?
182
What is the greatest common divisor of 31568 and 48?
16
Calculate the greatest common divisor of 269055 and 27.
27
Calculate the highest common divisor of 672 and 395220.
84
What is the highest common divisor of 37051 and 6083?
553
Calculate the greatest common divisor of 5507277 and 717.
717
Calculate the highest common factor of 26 and 345670.
26
Calculate the highest common factor of 658 and 20539.
47
What is the greatest common divisor of 235 and 15557?
47
Calculate the greatest common factor of 306 and 7514.
34
Calculate the highest common factor of 64720 and 50.
10
Calculate the greatest common factor of 504 and 3339.
63
What is the highest common factor of 259 and 796166?
259
What is the highest common divisor of 162 and 32238?
162
What is the greatest common factor of 120 and 709728?
24
Calculate the greatest common factor of 6030 and 7305.
15
Calculate the highest common factor of 626 and 60409.
313
What is the greatest common factor of 7983 and 8604?
9
What is the highest common divisor of 255 and 8215165?
85
Calculate t